r when 27 is divided by f?
7
Let n = -7 - -14. Let l = 2 - 0. Suppose x + 27 = b + 9, -4*b = -l*x - 62. What is the remainder when b is divided by n?
6
Let m(h) = -2 + 4 + h - 5 + 0*h. Let i be m(2). What is the remainder when 7 is divided by (-5)/i - 2/2?
3
Let u(j) = 6*j - 14. Let a(s) = s + 1. Let y(k) = -3*a(k) + u(k). Calculate the remainder when 39 is divided by y(9).
9
Suppose -5*f + 50 = -5*b, -1 = -f + 2*b + 8. Let i be ((-33)/(4 - 1))/1. Calculate the remainder when (-2)/i + (-2712)/(-88) is divided by f.
9
Let g = 203 + -192. Calculate the remainder when 19 is divided by g.
8
Let r = -12 + 36. What is the remainder when 46 is divided by r?
22
Suppose 2*k + 4 = 12. Suppose 4*z - 8 = k*n, -4*z + n = -10 - 4. Calculate the remainder when 9 is divided by (-1)/z - (-26)/8.
0
Suppose 4*f - 5*f + 3*s + 14 = 0, -2*f + 5*s = -23. What is the remainder when (2 + f)/(1/48) is divided by 25?
23
Suppose -70 = -5*y - 5*w, y = -3*w + 10 + 2. Suppose -y + 3 = -2*p. Suppose -z = -6 - 10. Calculate the remainder when z is divided by p.
4
Let m(o) = 15*o + 7. Let n(v) = 20*v**2 + 2*v + 1. Let j be n(-2). Let b = j + -49. Calculate the remainder when m(5) is divided by b.
26
Let y(s) = 2*s**2 - 5*s + 6. Let v be y(7). Suppose 2*j - 50 = -4*m, 5*j - m - v = 3*m. What is the remainder when 48 is divided by j?
14
Let c(z) = -z**3 - 2*z**2 + 7*z + 5. Let r be c(-4). Let a = r + -5. What is the remainder when a is divided by 2?
0
Let a = -17 + 21. Suppose a*n - 14 = -d, 5*n - 4*n + 3*d = -2. What is the remainder when 2/(-2) - (0 + -10) is divided by n?
1
Let d be (-2)/8 + (-82)/(-8). Suppose -u - d = -3*u. Suppose -4*c = -9*c + u, 85 = 2*f + 5*c. Calculate the remainder when f is divided by 14.
12
Let z = -6 - -10. What is the remainder when (19/(-2))/((-2)/4) is divided by (-2)/z - 15/(-2)?
5
Suppose -5*u + 242 = -238. What is the remainder when u is divided by 20?
16
Let q(p) = p**2 + 3*p + 2. Let a = 3 - 8. Calculate the remainder when -3 - -2 - (-6 + -29) is divided by q(a).
10
Let b = -10 - -18. Calculate the remainder when 23 is divided by b.
7
Let p(k) = -k**3 - 6*k**2 - 4*k - 9. What is the remainder when p(-7) is divided by 23?
22
Let k be (1 - -3) + -4 + 5. Suppose -3*m + k*i + 164 = 0, 0 = 3*m + m - 3*i - 226. Calculate the remainder when m is divided by 12.
10
Suppose 4*g = 4*z + 48, 4*g - 3*z - 31 = 21. Calculate the remainder when 31 is divided by g.
15
Let t(o) = -o**3 + 7*o**2 + o - 6. Let f be t(5). Suppose 3*r = -4*b, 8 = -4*r - 8. Suppose -b*m + 11 = -f. What is the remainder when m is divided by 7?
6
Suppose 0 = -0*n - n + 5. Suppose 4*z - 263 = n*f, -3 = -f + 2*f. Suppose -r - r = -z. What is the remainder when r is divided by 11?
9
Let d(j) = 19*j + 3. Calculate the remainder when d(2) is divided by 22.
19
Let g = 7 - 3. What is the remainder when g is divided by 2/(1 - 5)*-2?
0
Let p be ((-1)/(-2))/(3/6). Suppose -2*g + 0*g = -24. Calculate the remainder when p - (2 - 0) - -23 is divided by g.
10
Suppose 0 = -5*t - 3*w + 24, 4*t = 4*w + w - 3. Suppose -5*p = t*o - 4 - 23, -4 = 2*o - 4*p. What is the remainder when 11 is divided by o?
3
Suppose 4*g - 38 = 2. Calculate the remainder when 8/(-5)*(-175)/10 is divided by g.
8
Suppose 0 = -3*m - 2*f - 2*f + 125, 4*m = -4*f + 172. Calculate the remainder when m is divided by 12.
11
Suppose -b + 0*b = -1. Suppose -2*z = 5 + b. What is the remainder when (z - 7)/(2/(-4)) is divided by 11?
9
Let a = 21 - 11. Let j = -7 + a. Suppose 218 = 5*s + j*p, -4*p - 16 - 138 = -3*s. What is the remainder when s is divided by 16?
14
Suppose -2*l = 5*a - 14 - 76, 3*l + 2*a - 157 = 0. What is the remainder when l is divided by 12?
7
Let z = -89 - -101. Let i = 74 + -39. What is the remainder when i is divided by z?
11
Let a = 12 - 20. Let h = a - -13. Suppose j - 3*c - c = 1, -h*j + 3*c + 90 = 0. What is the remainder when 62 is divided by j?
20
Let b be (-2)/(-7) + 222/7. Suppose v = 2*r + 13, b = 5*v - 2*r - 1. Calculate the remainder when 13 is divided by v.
3
Let m(l) = l**2 - 3*l - 6. Let j be m(-4). Suppose o = -3*a + 3*o + 40, 0 = 3*a - o - 38. Calculate the remainder when (2 - 0) + -2 + j is divided by a.
10
Suppose -34 = -2*m + 5*z, z - 39 = -m - 2*z. Let a = m - 20. What is the remainder when 18 is divided by a?
4
Suppose -2*b - 3*b + 25 = 0, 5*v - 4*b = -30. Let r(y) = y**3 + 3*y**2 + y + 2. Calculate the remainder when 9 is divided by r(v).
1
Suppose 4*m + 97 - 17 = 0. Calculate the remainder when 95 is divided by 2 - m - (-1 - 1).
23
Let x(d) = d**3 - 2*d**2 + 3*d - 2. Suppose 0 = u - 2*u + 5. Suppose -u*n - 4*j = 1, -j + 2 = -2*n + 4*n. What is the remainder when x(n) is divided by 6?
4
Suppose 2*m = -2*l - m + 69, 2*m = -3*l + 96. Suppose 3*k - 2*k - 16 = 0. Calculate the remainder when l is divided by k.
14
Let q = -11 - -15. What is the remainder when 29 is divided by ((-32)/8)/(q/(-10))?
9
Let b be (-2 + 9/6)*-242. Let r be (624/14)/(-4)*7. Let x = b + r. What is the remainder when x is divided by 11?
10
Calculate the remainder when 86 is divided by -1*(-4 + 5 + -23).
20
Suppose -2*h - 2*h - 5*s = -19, 0 = -5*h - 4*s + 17. Let v(b) = -h - 4 + b**2 + 7 + 4*b. Calculate the remainder when v(-5) is divided by 3.
1
Calculate the remainder when 206 is divided by (0 - 276/4)/(-3).
22
Suppose -5*v = -4*w + 71, v + 18 = -w + 2*w. Suppose 5*z - 7*z - 32 = 0. Let n = z - -26. Calculate the remainder when w is divided by n.
9
Let u = 17 + -11. Suppose i + 38 = 3*t, -5*t - 3*i + u*i = -58. Calculate the remainder when 25 is divided by t.
11
Let s be (-38)/((3 - 1) + -4). Suppose 3*x = 6, v - 4*x - 5 = -s. Let k(b) = -b + 3. Calculate the remainder when 26 is divided by k(v).
8
Let s = 10 + -4. Let d = s + -8. Let i = d - -9. Calculate the remainder when 27 is divided by i.
6
Let c(m) = -6*m - 4. Calculate the remainder when 54 is divided by c(-2).
6
Let i(f) = 6*f**2 + 7*f + 7. What is the remainder when i(-4) is divided by 21?
12
Let j(s) = s**3 - 3*s**2 + 3*s - 4. Let u(o) = o + 2. Let r = -10 + 10. Calculate the remainder when j(3) is divided by u(r).
1
Let z = 47 - 17. Suppose -4*j = -3*j - 3*a - z, -a = 5. What is the remainder when 28 is divided by j?
13
Suppose -r = -46 + 2. Let z = r + -14. Calculate the remainder when z is divided by (-2)/3 - (-35)/3.
8
Let w(m) = -m + m**2 + 5 - 5 - 1. Let d(i) = 3*i - 7. What is the remainder when d(5) is divided by w(-2)?
3
Suppose -3*w = -3*a + 15, a - 5*w + 3 = -0. Suppose -5 = -3*q + a. What is the remainder when (108/q)/(3/3) is divided by 7?
6
Suppose -a + 3*a = 40. Let k be (-2)/8 - 2185/(-20). Let y = k + -51. Calculate the remainder when y is divided by a.
18
Let q be 0/(2/1) + 15. Suppose b + 2*m = 5*m + 54, -5*m = q. Let g = b - 27. Calculate the remainder when 35 is divided by g.
17
Suppose -4*w - 4*w = -96. What is the remainder when 47 is divided by w?
11
Let a(u) = -3*u - 9. Let y be a(-6). Suppose -3*h = -21 + y. Suppose h*l + 5*x - 60 = 0, x = 2*x. Calculate the remainder when 43 is divided by l.
13
Let n be 4*3/(-2 + 3). Suppose 3*r - 15 = n. What is the remainder when 26 is divided by r?
8
Let j = -73 - -104. Suppose r + 2 = l - 13, -2*l + 3*r + j = 0. Calculate the remainder when 54 is divided by l.
12
Calculate the remainder when (-2 + 0 - -8) + -1 is divided by 4/26 + (-74)/(-26).
2
Let n(p) = 22*p**3 - p + 1. Let t = -77 + 162. Calculate the remainder when t is divided by n(1).
19
Suppose -5*y = 3*t - 12 - 63, -y + 4*t = -15. Calculate the remainder when 42 is divided by y.
12
Let t(d) = d**3 + 3*d**2 + d. Let z be t(-2). Suppose -z*c + 84 = 2*c. Calculate the remainder when 40 is divided by c.
19
Suppose 51 = -3*o + 6*o. What is the remainder when o is divided by 9?
8
Let g(j) = 2*j + 3. Suppose -3*i - 4 = m, 2*m - i = -2*m - 16. What is the remainder when g(7) is divided by 6*6/m*-1?
8
Suppose -2*n + 0*m = -m - 37, 4*n = -2*m + 78. Suppose -4*u = -105 + 13. Let q = 33 - u. Calculate the remainder when n is divided by q.
9
Suppose 2*m - 70 = -5*l + 4*l, m - 3*l = 21. What is the remainder when m is divided by 12?
9
Let h(b) = -b**3 - 6*b**2 - 4*b + 6. What is the remainder when 1 is divided by h(-5)?
0
Suppose f = 3*y + y - 5, 2*f + 3*y - 12 = 0. Let u = 1 - f. What is the remainder when (-6)/9*(-71 - u) is divided by 16?
14
Sup